, 142369
List the prime factors of 2211996.
2, 3, 184333
What are the prime factors of 1113001?
19, 58579
What are the prime factors of 2112103?
7, 53, 5693
What are the prime factors of 4243627?
43, 98689
List the prime factors of 12821099.
811, 15809
List the prime factors of 2102097.
3, 71, 139
What are the prime factors of 2666087?
2666087
List the prime factors of 347660.
2, 5, 17383
List the prime factors of 4692212.
2, 7, 113, 1483
What are the prime factors of 5431216?
2, 7, 71, 683
List the prime factors of 83491.
29, 2879
List the prime factors of 954576.
2, 3, 7, 947
List the prime factors of 801300.
2, 3, 5, 2671
List the prime factors of 520331.
7, 37, 41
What are the prime factors of 204179?
191, 1069
List the prime factors of 1010435.
5, 202087
List the prime factors of 1034636.
2, 258659
List the prime factors of 234329.
31, 7559
What are the prime factors of 65654?
2, 17, 1931
List the prime factors of 788866.
2, 13, 30341
What are the prime factors of 295692?
2, 3, 41, 601
List the prime factors of 730544.
2, 45659
What are the prime factors of 9346137?
3, 3115379
List the prime factors of 4025756.
2, 7, 61, 2357
What are the prime factors of 555926?
2, 7, 39709
List the prime factors of 1296533.
7, 23, 8053
List the prime factors of 167388.
2, 3, 13, 29, 37
What are the prime factors of 208932?
2, 3, 23, 757
What are the prime factors of 3937296?
2, 3, 11, 7457
What are the prime factors of 2371082?
2, 7, 257, 659
List the prime factors of 12668600.
2, 5, 7, 9049
What are the prime factors of 7336718?
2, 3668359
List the prime factors of 26504829.
3, 13, 19, 11923
What are the prime factors of 23990652?
2, 3, 7, 31, 37, 83
List the prime factors of 27128773.
7, 3875539
What are the prime factors of 16352586?
2, 3, 23, 39499
What are the prime factors of 486998?
2, 41, 5939
What are the prime factors of 88166?
2, 13, 3391
List the prime factors of 3274900.
2, 5, 32749
What are the prime factors of 155933?
19, 29, 283
What are the prime factors of 867337?
867337
What are the prime factors of 28625872?
2, 11, 41, 3967
List the prime factors of 219757.
219757
List the prime factors of 863876.
2, 13, 37, 449
What are the prime factors of 214775?
5, 11, 71
What are the prime factors of 453090?
2, 3, 5, 11, 1373
What are the prime factors of 3774691?
23, 164117
List the prime factors of 448959.
3, 7, 21379
List the prime factors of 18728898.
2, 3, 31, 100693
List the prime factors of 294692.
2, 73673
What are the prime factors of 1969264?
2, 11, 67, 167
List the prime factors of 5641466.
2, 2820733
List the prime factors of 12561705.
3, 5, 13, 109, 197
What are the prime factors of 3289932?
2, 3, 91387
List the prime factors of 4373090.
2, 5, 61, 67, 107
List the prime factors of 382031.
13, 29387
List the prime factors of 2950069.
83, 35543
List the prime factors of 1610015.
5, 11, 73, 401
What are the prime factors of 276856?
2, 34607
What are the prime factors of 911179?
911179
What are the prime factors of 4903366?
2, 13, 89, 163
What are the prime factors of 12493596?
2, 3, 421, 2473
What are the prime factors of 263286?
2, 3, 14627
What are the prime factors of 3370959?
3, 37, 53, 191
List the prime factors of 4722388.
2, 11, 887
List the prime factors of 572775.
3, 5, 7, 1091
What are the prime factors of 513774?
2, 3, 17, 23, 73
List the prime factors of 2902366.
2, 353, 4111
List the prime factors of 301624.
2, 37, 1019
What are the prime factors of 364825?
5, 14593
What are the prime factors of 79822?
2, 107, 373
List the prime factors of 13250542.
2, 61, 313, 347
What are the prime factors of 189527?
13, 61, 239
What are the prime factors of 20912990?
2, 5, 7, 298757
List the prime factors of 215168.
2, 41
List the prime factors of 759531.
3, 31, 8167
What are the prime factors of 3162558?
2, 3, 7, 31, 347
What are the prime factors of 12636593?
17, 107, 6947
What are the prime factors of 3734222?
2, 19, 98269
List the prime factors of 1015408.
2, 63463
List the prime factors of 3880187.
1733, 2239
What are the prime factors of 388686?
2, 3, 64781
List the prime factors of 299016.
2, 3, 4153
List the prime factors of 1711370.
2, 5, 53, 3229
What are the prime factors of 56660?
2, 5, 2833
List the prime factors of 2158414.
2, 149, 7243
What are the prime factors of 4802244?
2, 3, 400187
List the prime factors of 4788773.
11, 435343
What are the prime factors of 14222316?
2, 3, 157, 7549
What are the prime factors of 4542647?
29, 31, 163
What are the prime factors of 4755320?
2, 5, 19, 6257
List the prime factors of 12220853.
12220853
What are the prime factors of 2761621?
2761621
List the prime factors of 1888554.
2, 3, 37, 47, 181
What are the prime factors of 1206611?
7, 172373
What are the prime factors of 1355644?
2, 227, 1493
List the prime factors of 50730.
2, 3, 5, 19, 89
What are the prime factors of 844657?
11, 31, 2477
What are the prime factors of 48988?
2, 37, 331
List the prime factors of 25037.
25037
List the prime factors of 638813.
7, 13037
List the prime factors of 33108526.
2, 11, 19, 103, 769
List the prime factors of 50856.
2, 3, 13, 163
List the prime factors of 916854.
2, 3, 152809
What are the prime factors of 617354?
2, 83, 3719
List the prime factors of 360321.
3, 13, 9239
List the prime factors of 26142528.
2, 3, 47, 2897
List the prime factors of 7935315.
3, 5, 71, 7451
What are the prime factors of 230843?
17, 37, 367
List the prime factors of 24971477.
24971477
List the prime factors of 43473.
3, 43, 337
What are the prime factors of 6689718?
2, 3, 7, 53093
List the prime factors of 715192.
2, 89399
List the prime factors of 383437.
131, 2927
List the prime factors of 2920659.
3, 7, 139079
List the prime factors of 1140688.
2, 71293
List the prime factors of 9579997.
7, 991, 1381
What are the prime factors of 72272?
2, 4517
List the prime factors of 13085177.
7, 29, 73, 883
What are the prime factors of 4026536?
2, 503317
List the prime factors of 844482.
2, 3, 97, 1451
List the prime factors of 426373.
647, 659
List the prime factors of 1448043.
3, 17, 28393
List the prime factors of 924960.
2, 3, 5, 41, 47
What are the prime factors of 1126677?
3, 375559
List the prime factors of 2104291.
7, 43, 6991
List the prime factors of 686086.
2, 17, 1187
List the prime factors of 382288.
2, 23893
List the prime factors of 30588.
2, 3, 2549
What are the prime factors of 991268?
2, 19, 13043
List the prime factors of 72489.
3, 73, 331
List the prime factors of 1204295.
5, 240859
What are the prime factors of 1324523?
53, 67, 373
List the prime factors of 190391.
190391
List the prime factors of 290353.
7, 41479
What are the prime factors of 30679414?
2, 19, 131, 6163
What are the prime factors of 1504973?
983, 1531
What are the prime factors of 1067333?
73, 14621
What are the prime factors of 55913?
11, 13, 17, 23
List the prime factors of 342573.
3, 7, 11, 1483
List the prime factors of 1385953.
1385953
What are the prime factors of 768937?
13, 59149
What are the prime factors of 4332904?
2, 541613
List the prime factors of 820458.
2, 3, 19, 2399
What are the prime factors of 46081483?
7, 6583069
List the prime factors of 492239.
11, 73, 613
What are the prime factors of 68000?
2, 5, 17
What are the prime factors of 222733?
7, 47, 677
What are the prime factors of 4268025?
3, 5, 6323
List the prime factors of 2063234.
2, 29, 35573
List the prime factors of 4609068.
2, 3, 384089
What are the prime factors of 661778?
2, 13, 25453
What are the prime factors of 712086?
2, 3, 118681
List the prime factors of 651639.
3, 281, 773
List the prime factors of 672606.
2, 3, 11, 43, 79
List the prime factors of 2177524.
2, 37, 14713
What are the prime factors of 399348?
2, 3, 11093
List the prime factors of 7228133.
11, 599, 1097
List the prime factors of 771358.
2, 7, 17, 463
List the prime factors of 501284.
2, 7, 17903
What are the prime factors of 28576506?
2, 3, 7, 37, 71
What are the prime factors of 491388?
2, 3, 40949
List the prime factors of 3814999.
59, 64661
List the prime factors of 3568312.
2, 11, 23, 41, 43
List the prime factors of 1345257.
3, 19, 7867
What are the prime factors of 4385110?
2, 5, 73, 6007
List the prime factors of 17207.
17207
What are the prime factors of 2435273?
401, 6073
L